 (40/80)/((-2)/4). What are the prime factors of -3070*v/(-4)*-2?
5, 307
Let m be 5/(15/(-117)) + 4. Let n = -25 - m. What are the prime factors of (-5280)/(-75) + (-4)/n?
2, 5, 7
Suppose -4*t + 16 = -2*t. Let a be (2/3)/(24/(-18))*t. Let y(i) = i**3 + 4*i**2 - 7*i - 6. List the prime factors of y(a).
2, 11
Let o = 287 - 274. Let d(i) = 27*i - 133. What are the prime factors of d(o)?
2, 109
Let j(n) = -n**2 + n + 3. Let x be j(0). Suppose -2*l = x*q - 680, 4*q - 216 = 3*q + 2*l. What are the prime factors of q?
2, 7
Suppose 0 = 56*h + 7*h - 492282. List the prime factors of h.
2, 3907
Let a be 8/14 - ((-12)/(-7))/(-4). Let j be ((-4)/(-24) + 5/6)*a. Let l = j + 109. What are the prime factors of l?
2, 5, 11
Let b = 549 - 541. Suppose 10*z = b*z + 4, -5*z = 3*g - 1090. What are the prime factors of g?
2, 3, 5
Suppose -7215 = -3*h + 3*u, 2*h + u = -h + 7231. Let f = h + -5647. List the prime factors of f/(-14) - (-2 + 32/14).
3, 7, 11
Let q(c) = -223*c + 136. Suppose -4*i + 5*a = -i, -4*i + a - 17 = 0. What are the prime factors of q(i)?
3, 139
Let x(j) = -j**3 - 3*j**2 - 2*j + 3. Let z be x(0). Suppose 2*v + 231 = z*c - 627, -553 = -2*c - 5*v. What are the prime factors of c?
2, 71
Let w = 95 - 174. Let s = 80 + w. List the prime factors of (141 - 3) + 3*s.
3, 47
Let d = -27 + 56. Let h = d - 135. Let a = h - -152. List the prime factors of a.
2, 23
Let h(g) = -g**2 + g - 48. Let u(l) = 47. Let s(o) = -3*h(o) - 2*u(o). List the prime factors of s(7).
2, 11
Let q(k) = k**3 + 11*k - 11*k**3 - 8*k**3 + 11*k**2. What are the prime factors of q(-3)?
2, 3, 23
Let l(f) = 2*f**2 - 5*f + 40. Let p be l(0). Let x(u) = u**3 + 9*u**2 + 8*u - 10. Let b be x(-8). What are the prime factors of ((-4)/((-16)/(-202)))/(b/p)?
2, 101
Let g(w) = -w**2 - 196*w + 2960. List the prime factors of g(0).
2, 5, 37
Let j(i) = -i**2 + 39*i - 38. Let g be j(19). Suppose -2*u + 1710 = 3*u + x, g = u - 5*x. What are the prime factors of u?
2, 3, 19
Let q be 20 + (-5 - (-1 - 0)). Let s be (-8)/3*(-252)/q. List the prime factors of (21/6)/(3/s).
7
Suppose -2*f - 38*i = -33*i - 71280, 2*i - 4 = 0. List the prime factors of f.
5, 7127
Let l = 66872 + -37409. What are the prime factors of l?
3, 7, 23, 61
Suppose t = -2*w + 44772, 168400 = 3*t + 4*w + 34072. List the prime factors of t.
2, 3, 311
Let c(d) = -202*d + 11992. List the prime factors of c(-116).
2, 3, 41
List the prime factors of ((-28)/((-1232)/(-31053)))/(3/(-276)).
3, 23, 941
Let o = 20389 - 13121. Suppose 0*h - 4*h = -2*y - o, 5*h - 9085 = -2*y. What are the prime factors of h?
23, 79
What are the prime factors of 2336004/246 - (-16)/328?
2, 1187
Let c be (74/(-4))/((-5)/110). Let l = -597 + c. List the prime factors of l/(-10) + (2 - 1).
2, 5
Let m = -1700 - -3496. Let p = 2607 - m. List the prime factors of p.
811
Let v = -120 + 126. List the prime factors of v/(-4)*16/(-3).
2
Let c(i) = i**3 - 3*i**2 - 10*i. Let x be c(5). Let m be (x - 0)/(12/(-6)). Suppose -k - 25 + 119 = m. What are the prime factors of k?
2, 47
Suppose 0 = 5*i - 349 - 31. Let o = -29 + i. Let t = 21 + o. What are the prime factors of t?
2, 17
Let w(j) = j**2 + 45*j + 330. Let p be w(-9). What are the prime factors of -5 + p/(-1) + 1795?
2, 223
Let n(k) = -k**2 + 7*k + 46. Let i be n(11). Suppose -i*g + 614 + 152 = 0. What are the prime factors of g?
383
Suppose -1494 = -3*j - 3*g - 345, 2*j + 5*g = 763. Suppose u - f = f + j, -5*f + 732 = 2*u. List the prime factors of u.
2, 47
Suppose -12*f = -14*f + q + 892, -4*f + 1784 = -3*q. Let a = f + 180. List the prime factors of a.
2, 313
Let g(v) = v**2 - v. Let a(b) = -5*b**2 + 8*b + 26. Let q(m) = a(m) + 4*g(m). Let x be q(8). List the prime factors of ((-9)/x)/(-3)*(-177 + 3).
3, 29
Let o(m) = -67*m - 92. Suppose h + 2*u + 12 = 0, 5*u - 5 = 4*h - 9. List the prime factors of o(h).
2, 11
Let s = 31 - 26. Suppose 4*z = s*w + 854, -w = -3*z - 2*w + 631. Let o = -147 + z. List the prime factors of o.
2
Suppose -4*g - 113873 = -3*z, 5*z = 5*g + 117873 + 71927. List the prime factors of z.
37967
Let c(u) = 11*u**3 + 13*u**2 + 9*u + 8. Let w be c(6). Suppose 6430 = 12*z - w. What are the prime factors of z?
2, 389
Let w = 269 + -265. Suppose -5*o = -8*o + 2*j + 2285, w*o = 3*j + 3048. What are the prime factors of o?
3, 11, 23
Let d be -6*15/(-18) + -3. List the prime factors of d/(-8) - (-10202)/8.
3, 5, 17
Let u(c) = c**3 + 17*c**2 + 16*c + 5. Let l be u(-16). Suppose w - l*w = -3048. List the prime factors of (w/9)/((-4)/(-6)).
127
Suppose 43 = -3*d + 2*z - 19, -5*d + z = 94. Let f be (-4)/d + 38400/216. Suppose 0 = -5*x + 97 + f. What are the prime factors of x?
5, 11
Let k(d) = -9652*d**3 + 4*d**2 + 7*d + 5. What are the prime factors of k(-1)?
2, 3, 1609
List the prime factors of 10/((-180)/(-117))*(-7)/((-35)/20030).
13, 2003
Let y(t) be the third derivative of -t**6/240 - t**5/20 + t**4/4 + 10*t**2. Let c(u) be the second derivative of y(u). What are the prime factors of c(-9)?
3, 7
Let i(f) = -13*f - 36. Let w be i(-3). Let a(u) = 18*u**2 + 2*u + 7. What are the prime factors of a(w)?
5, 7
Suppose -c = 32*j - 31*j - 23455, -c = -j + 23463. What are the prime factors of j?
23459
Suppose 3*y - 10 = 5. Suppose -761 = -y*g - 611. What are the prime factors of g?
2, 3, 5
Suppose 8 = 18*b - 14*b. Suppose -4*f + 165 = -4*u - 55, f - 54 = b*u. Suppose -3*i = -4*c + 122, 0 = 2*c + i - 0*i - f. List the prime factors of c.
29
Let u = -1 + 84. List the prime factors of (-1 - -6)*(-22 + u).
5, 61
Suppose 0 = -2*n - n - i + 4, 2 = 2*n + i. Let w be (1/n)/(2/(-4)). List the prime factors of 21/84 + (78/8 - w).
11
Let j = 184491 - 112309. List the prime factors of j.
2, 11, 17, 193
Let m be 5 + (4 - 8 - -3 - -4). Suppose 5*x - 18 + m = 0. Suppose 2*t = -x*c + 310 + 156, 20 = -5*t. What are the prime factors of c?
3, 79
Let t be (-4)/(-9) + (-46)/(-18). Suppose t*a + 20*a - 5497 = 0. What are the prime factors of a?
239
Let p(z) = -z**2 + 16*z + 21. Let h be p(17). Suppose 4*k = -5*j + 1245, -h*k + 5*k = -4*j + 1007. List the prime factors of j.
11, 23
Suppose 5 = 12*h - 19. Suppose 2*z + 2*q = 22, -4*z - 3 + 47 = h*q. List the prime factors of z.
11
Let r be (-7945)/(-25) - (1/(-5) + 0). Suppose -r = -c + 11. List the prime factors of c.
7, 47
Let p(l) = l**3 + 8*l**2 + 6*l + 1. Let o be p(-6). Let c = 39 - o. Suppose 12 = c*g - 50. What are the prime factors of g?
31
Let x(m) = -m**3 + 21*m**2 + 15*m - 3. Let z(f) = -f**3 + 20*f**2 + 16*f - 4. Let a(j) = 3*x(j) - 2*z(j). List the prime factors of a(23).
2, 149
Suppose -2942 = 3*g - 2*p, -3*g + g + 3*p - 1958 = 0. Let i = -690 - g. List the prime factors of i.
2, 73
Let d be 3*((-55)/(-3) + 1). Let b be (1653/76 + -24)*(26/3 - -2). Let o = d - b. What are the prime factors of o?
2, 41
Let m = 42 - 34. Suppose w + 10 = m. Let g(d) = -37*d - 6. List the prime factors of g(w).
2, 17
Let h(b) = -9802*b - 1568. List the prime factors of h(-6).
2, 11, 1301
Let g(q) = -q**2 + 14*q + 33. Let s be g(16). What are the prime factors of (-1)/(3/3) - (s + -106)?
2, 13
Let t(q) = 5*q**2 - 32*q + 117. What are the prime factors of t(32)?
11, 383
Suppose 0 = 5528*w - 5499*w - 828182. What are the prime factors of w?
2, 109, 131
Let t(r) be the third derivative of 47*r**4/24 - 31*r**3 - 17*r**2. List the prime factors of t(17).
613
Suppose -9*c + 1445 = 8*c. Suppose 0 = 90*w - c*w - 185. What are the prime factors of w?
37
Suppose -4*h = 3*c - 15370, 2*c - 24*h - 10250 = -26*h. What are the prime factors of c?
2, 3, 5, 19
Let r(q) = 2*q**3 - 68*q**2 + 624*q - 140. List the prime factors of r(41).
2, 3, 907
Let v = -289 + 675. Let z = v - 31. What are the prime factors of z?
5, 71
Let h(o) = o**2 + 18*o + 16. Let y be h(-19). Suppose 3*l + 26 = y. Let d(a) = 37*a + 6. List the prime factors of d(l).
3, 13
Let u(y) = -3*y**3 + 20*y**2 - 5*y + 38. Let o be u(6). Let p be 184/6 - (-2)/(-3). Suppose -i + o = p. List the prime factors of i.
2, 5
Let k(d) be the second derivative of -d**5/20 - d**4/3 + 5*d**3/6 + d**2 + 21*d. Let m be k(-5). Suppose 0 = 3*u + m*u - 340. What are the prime factors of u?
2, 17
Let t = 65 + -137. Let h be (3 + 6)/((-1)/(-1)). List the prime factors of t/32*(-96)/h.
2, 3
Let p = 3553 - 2572. List the prime factors of p.
3, 109
Let s = -783 + 782. L